14 a factor of 6085896?
False
Does 5 divide 24428045?
True
Is 499108506 a multiple of 10?
False
Is 28080555 a multiple of 643?
False
Is 82 a factor of 233996758?
True
Is 862 a factor of 23897226?
True
Does 1611 divide 6640542?
True
Does 86 divide 219784256?
False
Is 891779824 a multiple of 104?
True
Is 122821104 a multiple of 84?
True
Is 27858221 a multiple of 8?
False
Is 185309176 a multiple of 6167?
False
Is 112 a factor of 18802467?
False
Is 299 a factor of 1611610?
True
Is 1258 a factor of 248128390?
False
Is 596731 a multiple of 3?
False
Does 153 divide 322233759?
True
Is 45 a factor of 39025839?
False
Is 211003037 a multiple of 176?
False
Is 3 a factor of 3963245?
False
Does 54 divide 255624?
False
Is 182 a factor of 28381808?
True
Is 35 a factor of 501578665?
True
Does 957 divide 554212098?
True
Is 23378432 a multiple of 308?
True
Does 53 divide 146498864?
False
Is 21471638 a multiple of 657?
False
Is 328 a factor of 101732138?
False
Does 3979 divide 406228343?
False
Is 691 a factor of 21185219?
False
Is 103709630 a multiple of 12?
False
Is 160830255 a multiple of 2?
False
Is 206314017 a multiple of 40?
False
Is 167 a factor of 9090144?
True
Is 53 a factor of 19058780?
False
Is 96591325 a multiple of 20?
False
Is 1971662 a multiple of 31?
True
Is 260 a factor of 406374859?
False
Does 4 divide 271222006?
False
Is 13676385 a multiple of 459?
False
Does 46 divide 10311160?
False
Is 1316 a factor of 77366563?
False
Is 1737002334 a multiple of 499?
False
Does 6 divide 276522994?
False
Does 40 divide 2320629?
False
Is 325 a factor of 473546353?
False
Is 86476632 a multiple of 44?
True
Is 12124200 a multiple of 363?
True
Is 1571 a factor of 482941901?
False
Does 124 divide 33133065?
False
Is 58 a factor of 399734386?
False
Does 548 divide 1839370962?
False
Is 102528608 a multiple of 17?
False
Is 25722482 a multiple of 140?
False
Is 6 a factor of 29867008?
False
Does 86 divide 369787939?
False
Is 8 a factor of 1165893513?
False
Is 2605175370 a multiple of 35?
True
Is 17 a factor of 17050490?
True
Is 400023414 a multiple of 21?
True
Is 3569247497 a multiple of 4273?
False
Is 850964718 a multiple of 138?
True
Does 5487 divide 76647264?
False
Is 557083739 a multiple of 6?
False
Does 25 divide 1018804600?
True
Is 1527 a factor of 211883466?
True
Is 82 a factor of 14217816?
True
Is 1017995531 a multiple of 5131?
True
Does 16 divide 60578096?
True
Does 4421 divide 3930976360?
True
Does 401 divide 212364806?
False
Is 1738 a factor of 3608892694?
True
Does 51 divide 7555905?
True
Is 711 a factor of 12798?
True
Is 242662033 a multiple of 14?
False
Is 4220550 a multiple of 9?
True
Does 115 divide 109680615?
False
Is 23 a factor of 53398098?
False
Does 40 divide 279516440?
True
Is 1166 a factor of 94739832?
True
Is 43 a factor of 13638181?
True
Is 13 a factor of 761472?
False
Is 26 a factor of 6012430?
False
Is 4 a factor of 4198597?
False
Is 197 a factor of 137753432?
True
Does 419 divide 157302237?
True
Is 7 a factor of 7826805?
True
Is 13 a factor of 1691443?
True
Is 6354377559 a multiple of 9476?
False
Does 18 divide 188205840?
True
Does 12 divide 28205287?
False
Does 3 divide 22102?
False
Is 1537 a factor of 1082624516?
False
Is 17 a factor of 149991680?
True
Does 4 divide 9288057?
False
Does 25 divide 2303517241?
False
Does 114 divide 2471681538?
True
Is 20 a factor of 70652426?
False
Is 5278 a factor of 585451594?
True
Is 15 a factor of 142343205?
True
Is 4810 a factor of 1521525921?
False
Does 30 divide 478178500?
False
Does 9 divide 175024214?
False
Does 2 divide 6538427?
False
Is 21339952 a multiple of 184?
True
Is 190 a factor of 22609441?
False
Does 6630 divide 1106406272?
False
Is 959908730 a multiple of 1634?
False
Is 444 a factor of 26904624?
True
Is 10482790 a multiple of 107?
True
Is 150958185 a multiple of 105?
True
Is 8005600 a multiple of 40?
True
Is 1592 a factor of 58367496?
True
Does 21 divide 414632925?
True
Is 1145 a factor of 93740781?
False
Does 79 divide 829398?
False
Is 915175736 a multiple of 1087?
True
Is 36477967 a multiple of 2731?
True
Is 19105119 a multiple of 11?
True
Is 44408923 a multiple of 57?
False
Is 15249096 a multiple of 57?
True
Is 71 a factor of 54076159?
False
Is 73608514 a multiple of 751?
True
Does 1941 divide 848191767?
True
Is 3485768258 a multiple of 131?
True
Does 9 divide 4842810?
True
Is 35 a factor of 118842271?
False
Is 28 a factor of 11430464?
False
Is 20 a factor of 1776994260?
True
Does 146 divide 71535815?
False
Does 36 divide 1107447603?
False
Is 644755302 a multiple of 243?
True
Does 262 divide 2559951696?
True
Does 837 divide 735529653?
True
Is 1598267608 a multiple of 28?
True
Is 67393788 a multiple of 28?
True
Does 9 divide 13056021?
True
Is 63 a factor of 453246696?
True
Is 644 a factor of 2933420?
True
Is 3185 a factor of 151628998?
False
Is 67 a factor of 167423955?
True
Does 43 divide 123140648?
True
Is 2 a factor of 82823971?
False
Is 64 a factor of 1351793792?
True
Is 73 a factor of 118178453?
False
Does 3523 divide 1867795956?
True
Is 8 a factor of 1332446?
False
Does 33 divide 179089475?
False
Is 1007 a factor of 15429133?
False
Is 217696611 a multiple of 187?
True
Is 63 a factor of 43818158?
False
Does 468 divide 30593628?
True
Does 1154 divide 37466918?
True
Is 1166912850 a multiple of 4650?
True
Is 4688 a factor of 1452604928?
True
Is 454628148 a multiple of 105?
False
Is 209224370 a multiple of 421?
True
Does 47 divide 188045?
False
Is 2382 a factor of 78824453?
False
Is 177 a factor of 40937017?
False
Is 61 a factor of 100354699?
True
Is 29837417 a multiple of 2?
False
Does 312 divide 802371336?
True
Is 19119854 a multiple of 239?
False
Is 13530702 a multiple of 81?
False
Is 482435791 a multiple of 49?
False
Does 22 divide 2192398278?
False
Is 1316 a factor of 9954624?
False
Is 37 a factor of 411291371?
True
Is 109 a factor of 2125425?
False
Is 1543303933 a multiple of 6648?
False
Is 375 a factor of 42438321?
False
Is 162824825 a multiple of 373?
False
Is 36403497 a multiple of 33?
False
Is 446 a factor of 6353077?
False
Does 32 divide 13355904?
True
Does 26 divide 1288298203?
False
Does 14 divide 2034063612?
True
Is 5556213 a multiple of 843?
True
Is 3360 a factor of 60287325?
False
Is 168 a factor of 13209155?
False
Is 5950811 a multiple of 27?
False
Does 20 divide 16347931?
False
Is 166 a factor of 2817599174?
True
Is 11360608 a multiple of 52?
False
Is 360198868 a multiple of 104?
False
Does 13 divide 4310956459?
False
Is 48890592 a multiple of 3112?
False
Is 240326579 a multiple of 9?
False
Is 97 a factor of 4053041?
False
Is 73 a factor of 2600075529?
True
Is 1091229693 a multiple of 31?
False
Is 72 a factor of 1214033256?
True
Is 109018957 a multiple of 1502?
False
Is 13139797 a multiple of 163?
False
Does 1201 divide 65205295?
False
Is 37940598 a multiple of 18?
True
Is 20985969 a multiple of 813?
True
Is 13112700 a multiple of 109?
True
Does 241 divide 4824579?
True
Does 3952 divide 1350837072?
True
Does 1087 divide 1386380717?
False
Does 6 divide 154419144?
True
Is 71 a factor of 77937648?
False
Is 1144 a factor of 1891285294?
False
Does 90 divide 11552220?
True
Is 745857 a multiple of 5?
False
Does 179 divide 76453792?
False
Is 342359228 a multiple of 19?
False
Does 9 divide 11555829?
True
Is 3339917924 a multiple of 78?
False
Is 262899405 a multiple of 2621?
True
Is 995764853 a multiple of 301?
False
Does 1406 divide 1692158962?
True
Is 56818528 a multiple of 16?
True
Is 427055057 a multiple of 1859?
True
Does 19 divide 8018736?
False
Does 3139 divide 53376592?
False
Does 958 divide 7448450?
True
Does 66 divide 2752459295?
False
Is 2115 a factor of 87384348?
False
Is 571 a factor of 22602700?
False
Is 8511219 a multiple of 23?
True
Does 343 divide 6577368?
True
Does 73 divide 49671536?
True
Does 60 divide 465191536?
False
Is 155 a factor of 11209805?
False
Is 771 a factor of 50026335?
True
Is 523892786 a multiple of 173?
True
Does 9 divide 37795448?
False
Does 21 divide 144728913?
True
Is 1890 a factor of 83549340?
True
Does 50 divide 14492700?
True
Is 1755 a factor of 41112630?
True
Is 99415183 a multiple of 1849?
True
Is 552 a factor of 11829585?
False
Does 400 divide 1951684000?
True
Is 1595794377 a multiple of 33?
False
Is 31185593 a multiple of 5?
False
Is